{"id":1994,"date":"2013-11-20T15:18:42","date_gmt":"2013-11-20T14:18:42","guid":{"rendered":"http:\/\/galeriamnextgen.local\/wystawy\/24-godziny-ludzkosci-2\/"},"modified":"2013-12-03T16:32:01","modified_gmt":"2013-12-03T15:32:01","slug":"24-godziny-ludzkosci","status":"publish","type":"wystawy","link":"https:\/\/galeriam.com\/en\/exhibitions\/24-godziny-ludzkosci\/","title":{"rendered":"24 hrs of MANKIND"},"content":{"rendered":"<p><span style=\"color: #000000;\">We are very pleased to invite you to the exhibition of a new cycle of paintings by <a title=\"Mirek Antoniewicz\" href=\"http:\/\/en.galeriam.com\/artysci\/mirek-antoniewicz\/\"><span style=\"color: #000000;\">Mirek Antoniewicz<\/span><\/a> called\u00a0<em>24 hrs of Mankind<\/em>. It is a\u00a0story of humanity, written with images, captured in a unit of 24 hours, as what is a day\u00a0compared to a few million years of our stay on the planet Earth, is an attempt, perhaps\u00a0reckless, to show us the way we are, were and will be. It is a universal story, because the\u00a0emotions we have in us are universal. No matter the generation, present, past or future reality,\u00a0access to information or social position. Desire, resignation, openness, enthusiasm, joy, reflection,\u00a0indifference, detachment, alienation, disappointment, anger, grief, helplessness, are just a few of\u00a0the emotions that always have accompanied us. We have experienced them all, regardless of\u00a0the times in which we came to live, yet rather selectively, since the emotions are so strong\u00a0and possessive, it may seem that when one of them seizes us, the whole world slows,\u00a0disappears and ceases to matter at all. Given the amount of emotions that overcome people\u00a0on the planet, one can hope to register all of them within 24 hours. Every single one.<\/span><\/p>\n<p><span style=\"color: #000000;\">To join him in this event, the painter has invited eight of his friends, artists and poets, from all over the world:<\/span><\/p>\n<p><span style=\"color: #000000;\">Taro Aizu \u2013 Japan<\/span><br \/>\n<span style=\"color: #000000;\"> Dmitry Babenko \u2013 Russia<\/span><br \/>\n<span style=\"color: #000000;\"> Robert Chastain \u2013 USA<\/span><br \/>\n<span style=\"color: #000000;\"> Bartosz Fr\u0105czek \u2013 Poland<\/span><br \/>\n<span style=\"color: #000000;\"> Keith Morant \u2013 New Zealand<\/span><br \/>\n<span style=\"color: #000000;\"> Rene Pascal \u2013 Italy<\/span><br \/>\n<span style=\"color: #000000;\"> Edyta Purzycka \u2013 Poland<\/span><br \/>\n<span style=\"color: #000000;\"> Rosa Ubeda \u2013 Spain<\/span><\/p>\n<p><span style=\"color: #000000;\">The opening is on <strong>Friday, 29th of November at 7 PM<\/strong>, the exhibition will be presented until the 8th of December 2013.\u00a0<\/span><\/p>\n<p><span style=\"color: #000000;\">Photos from the opening:<\/span>\u00a0<a href=\"http:\/\/zpap.wroclaw.pl\/mirek-antoniewicz-i-przyjaciele-24-godziny-ludzkosci\">http:\/\/zpap.wroclaw.pl\/mirek-antoniewicz-i-przyjaciele-24-godziny-ludzkosci<\/a><\/p>\n<p>Facebook:\u00a0<a href=\"https:\/\/www.facebook.com\/events\/610076792389637\/\">https:\/\/www.facebook.com\/events\/610076792389637\/<\/a><\/p>\n<p><span style=\"color: #000000;\">See you there!<\/span><\/p>\n<p>&nbsp;<\/p>\n<p><span style=\"color: #000000;\">ARTISTS &amp; POETS<\/span><\/p>\n<p><img loading=\"lazy\" decoding=\"async\" class=\"alignleft\" alt=\"SAMSUNG DIGITAL CAMERA\" src=\"https:\/\/galeriam.com\/wp-content\/uploads\/cache\/2013\/11\/Mirek-A\/2429170398.jpg\" width=\"283\" height=\"300\" \/><\/p>\n<p><span style=\"color: #000000;\">MIREK ANTONIEWICZ \/1954\/ &#8211;\u00a0Born, studied, lives and works in Wroc\u0142aw. Graduate of the University of Wroc\u0142aw and member of the Association of Polish Artists and Designers. Had over 40 individual shows and numerous group exhibitions. Awarded on many occasions in varioius artistic competitions. Represented by Galeria M.\u00a0For some time now Mirek Antoniewicz has been working on the cycle My place. 24 hrs of Mankind is continuation of this cycle.<\/span><\/p>\n<p>&nbsp;<\/p>\n<p>&nbsp;<\/p>\n<p>&nbsp;<\/p>\n<p>&nbsp;<\/p>\n<p>&nbsp;<\/p>\n<p>&nbsp;<\/p>\n<p><img loading=\"lazy\" decoding=\"async\" class=\"alignleft\" alt=\"taro aizu\" src=\"https:\/\/galeriam.com\/wp-content\/uploads\/cache\/2013\/11\/taro-aizu\/2556087376.jpg\" width=\"300\" height=\"225\" \/><\/p>\n<p><span style=\"color: #000000;\">TARO AIZU \u4f1a \u6d25 \u592a\u90ce \/1954\/ &#8211;\u00a0Japanese writer and poet. \u00a0Born in Aizumisato in Fukushima Prefecture. His gogyohka book, titled \u201eItoshii chiky\u016b yo (Lovely Earth)&#8221;, was published in 2005 in Japanese and in 2011 in English. Since 2007 he has been writing gogyohka in English language. In 2010 his three gogyohka tales about cats were selected for the &#8220;Catzilla!&#8221; book published in the United States. Awarded with first prize at the 28th Modern Haiku Competition in Japan.<\/span><\/p>\n<p>&nbsp;<\/p>\n<p>&nbsp;<\/p>\n<p>&nbsp;<\/p>\n<p>&nbsp;<\/p>\n<p><img loading=\"lazy\" decoding=\"async\" class=\"alignleft\" alt=\"dymitry a\" src=\"https:\/\/galeriam.com\/wp-content\/uploads\/cache\/2013\/11\/dymitry-a\/989832848.jpg\" width=\"255\" height=\"300\" \/><\/p>\n<p><span style=\"color: #000000;\">DMITRY BABENKO \/1970\/ &#8211;\u00a0Graduate of the Faculty of Art of the Kuban State University. Lives and works in Krasnodar. His main area of interest is mail-art, visual poetry and book art. Dmitry creates a multi-page, variously illustrated volumes devoted to different fields of human activity: Ornithology, Herbarium, Money. Also, his visual books \u2013 concept books are interesting, for example the Audiobook stocked with medical stethoscope to listen to it.<\/span><\/p>\n<p><span style=\"color: #000000;\">\u00a0<\/span><\/p>\n<p>&nbsp;<\/p>\n<p>&nbsp;<\/p>\n<p>&nbsp;<\/p>\n<p>&nbsp;<\/p>\n<p>&nbsp;<\/p>\n<p><img loading=\"lazy\" decoding=\"async\" class=\"alignleft\" alt=\"Robert Chastain\" src=\"https:\/\/galeriam.com\/wp-content\/uploads\/cache\/2013\/11\/Robert-Chastain\/1447366001.jpg\" width=\"225\" height=\"300\" \/><\/p>\n<p><span style=\"color: #000000;\">ROBERT CHASTAIN\u00a0is primarily a poet in recent years, but has also worked with the forms of short story, novel, and creative non-fiction. During the last several years he has collaborated with musicians and sound designers to produce a number of recorded spoken-word pieces. He also works with photography, and some of his photos have been incorporated into these recordings.\u00a0The prose poem, &#8220;BOATMAN,&#8221; is the final piece in a series of vignettes about the passengers, all women, encountered by a taxi driver in a twenty-four hour period, beginning in the early morning hours, progressing through the day and night, and ending in the deepest, darkest part of the soul. This story in turn became a chapter in the novel, &#8220;My Date with Marilyn.&#8221;<\/span><\/p>\n<p>&nbsp;<\/p>\n<p>&nbsp;<\/p>\n<p>&nbsp;<\/p>\n<p>&nbsp;<\/p>\n<p><img loading=\"lazy\" decoding=\"async\" class=\"alignleft\" alt=\"bart f\" src=\"https:\/\/galeriam.com\/wp-content\/uploads\/cache\/2013\/11\/bart-f\/2658054716.jpg\" width=\"225\" height=\"300\" \/><\/p>\n<p><span style=\"color: #000000;\">BARTOSZ FR\u0104CZEK \/1974\/ &#8211;\u00a0Born, lives and works in Cz\u0119stochowa. Painter and lecturer in the Faculty of Art at the Jan D\u0142ugosz University in Cz\u0119stochowa. Awarded on many occasions in varioius artistic competitions. Originator of the International Biennial of Miniature. Organizer of international artistic plein-airs and meetings. His works can be found in private collections in Poland and abroad.<\/span><\/p>\n<p>&nbsp;<\/p>\n<p>&nbsp;<\/p>\n<p>&nbsp;<\/p>\n<p>&nbsp;<\/p>\n<p>&nbsp;<\/p>\n<p>&nbsp;<\/p>\n<p>&nbsp;<\/p>\n<p><img loading=\"lazy\" decoding=\"async\" class=\"alignleft\" alt=\"Keith Moran\" src=\"https:\/\/galeriam.com\/wp-content\/uploads\/cache\/2013\/11\/Keith-Moran\/798002421.jpg\" width=\"300\" height=\"238\" \/><\/p>\n<p><span style=\"color: #000000;\">KEITH MORANT \/1955\/ &#8211;\u00a0Born in Christchurch, New Zealand. \u201cI have drawn and painted obsessively for as long as I can remember and have always followed my own path of individual expression. I am not a representational or regional artist as it is my firm belief that visual art, like music, must communicate across all language and cultural barriers. Since the 1980s I have been fortunate enough to travel extensively and exhibit my work in many different countries. I am also fortunate in that I am able to work full time at my painting in my studio\/home in Christchurch.\u201d<\/span><\/p>\n<p>&nbsp;<\/p>\n<p>&nbsp;<\/p>\n<p>&nbsp;<\/p>\n<p>&nbsp;<\/p>\n<p><img loading=\"lazy\" decoding=\"async\" class=\"alignleft\" alt=\"rene pascal\" src=\"https:\/\/galeriam.com\/wp-content\/uploads\/cache\/2013\/11\/rene-pascal\/473182127.jpg\" width=\"239\" height=\"300\" \/><\/p>\n<p><span style=\"color: #000000;\">REN\u00c9 PASCAL \/1948\/ &#8211;\u00a0Born in Lyon, France. Mysterious artist, who rarely shows up in public and seldom exhibits his works. Patron of arts, he searches for artists, whose exhibitions he organises in Milan, in a place called Piscinacomunale Spaziodarteincopisteria. Adelaide de Martino wrote about him, that he &#8220;prefers to remain in the shadows, speak through his works, which unlike himself, are not invisible, they touch spectators\u2019 emotions and arouse their curiosity. Ren\u00e9\u2019s works are constructed in a way that shows the play of light and shade &#8211; through the conceptual perspective, it is the shadow that becomes light and hence &#8211; the light takes over the role of the shadow.&#8221;<\/span><\/p>\n<p>&nbsp;<\/p>\n<p>&nbsp;<\/p>\n<p>&nbsp;<\/p>\n<p>&nbsp;<\/p>\n<p>&nbsp;<\/p>\n<p><img loading=\"lazy\" decoding=\"async\" class=\"alignleft\" alt=\"edyta purzycka\" src=\"https:\/\/galeriam.com\/wp-content\/uploads\/cache\/2013\/11\/edyta-purzycka\/1109345142.jpg\" width=\"300\" height=\"300\" \/><\/p>\n<p><span style=\"color: #000000;\">EDYTA PURZYCKA \/1970\/ &#8211;\u00a0Graduate of the Academy of Arts and Design in Wroc\u0142aw. Graphic artist and painter. She has created her own, poetic art language, in which she relates the way she sees the world. In her works she incorporates various printing techniques (etching, aquatint, soft varnish), which allows her to experiment with texture and obtain painting effects.<\/span><\/p>\n<p>&nbsp;<\/p>\n<p>&nbsp;<\/p>\n<p>&nbsp;<\/p>\n<p>&nbsp;<\/p>\n<p>&nbsp;<\/p>\n<p>&nbsp;<\/p>\n<p>&nbsp;<\/p>\n<p><img loading=\"lazy\" decoding=\"async\" class=\"alignleft\" alt=\"ros ubeda\" src=\"https:\/\/galeriam.com\/wp-content\/uploads\/cache\/2013\/11\/ros-ubeda\/1128035352.jpg\" width=\"300\" height=\"300\" \/><\/p>\n<p><span style=\"color: #000000;\">ROSA UBEDA \/1958\/ &#8211;\u00a0Born in Pontevedra, Spain. Graduated from the Faculty of Art at the Vigo University. Laureate of numerous awards in painting competitions. Had over 20 individual shows and took part in many group exhibitions, biennials and art fairs.<\/span><\/p>\n<p>&nbsp;<\/p>\n<p><span style=\"color: #000000;\">\u00a0<\/span><\/p>\n<p><span style=\"color: #000000;\">\u00a0<\/span><\/p>\n","protected":false},"featured_media":0,"template":"","meta":{"_acf_changed":false},"class_list":["post-1994","wystawy","type-wystawy","status-publish","hentry"],"acf":[],"_links":{"self":[{"href":"https:\/\/galeriam.com\/en\/wp-json\/wp\/v2\/wystawy\/1994","targetHints":{"allow":["GET"]}}],"collection":[{"href":"https:\/\/galeriam.com\/en\/wp-json\/wp\/v2\/wystawy"}],"about":[{"href":"https:\/\/galeriam.com\/en\/wp-json\/wp\/v2\/types\/wystawy"}],"wp:attachment":[{"href":"https:\/\/galeriam.com\/en\/wp-json\/wp\/v2\/media?parent=1994"}],"curies":[{"name":"wp","href":"https:\/\/api.w.org\/{rel}","templated":true}]}}

<p><span style="color: #000000;">We are very pleased to invite you to the exhibition of a new cycle of paintings by <a title="Mirek Antoniewicz" href="http://en.galeriam.com/artysci/mirek-antoniewicz/"><span style="color: #000000;">Mirek Antoniewicz</span></a> called <em>24 hrs of Mankind</em>. It is a story of humanity, written with images, captured in a unit of 24 hours, as what is a day compared to a few million years of our stay on the planet Earth, is an attempt, perhaps reckless, to show us the way we are, were and will be. It is a universal story, because the emotions we have in us are universal. No matter the generation, present, past or future reality, access to information or social position. Desire, resignation, openness, enthusiasm, joy, reflection, indifference, detachment, alienation, disappointment, anger, grief, helplessness, are just a few of the emotions that always have accompanied us. We have experienced them all, regardless of the times in which we came to live, yet rather selectively, since the emotions are so strong and possessive, it may seem that when one of them seizes us, the whole world slows, disappears and ceases to matter at all. Given the amount of emotions that overcome people on the planet, one can hope to register all of them within 24 hours. Every single one.</span></p>
<p><span style="color: #000000;">To join him in this event, the painter has invited eight of his friends, artists and poets, from all over the world:</span></p>
<p><span style="color: #000000;">Taro Aizu – Japan</span><br />
<span style="color: #000000;"> Dmitry Babenko – Russia</span><br />
<span style="color: #000000;"> Robert Chastain – USA</span><br />
<span style="color: #000000;"> Bartosz Frączek – Poland</span><br />
<span style="color: #000000;"> Keith Morant – New Zealand</span><br />
<span style="color: #000000;"> Rene Pascal – Italy</span><br />
<span style="color: #000000;"> Edyta Purzycka – Poland</span><br />
<span style="color: #000000;"> Rosa Ubeda – Spain</span></p>
<p><span style="color: #000000;">The opening is on <strong>Friday, 29th of November at 7 PM</strong>, the exhibition will be presented until the 8th of December 2013. </span></p>
<p><span style="color: #000000;">Photos from the opening:</span> <a href="http://zpap.wroclaw.pl/mirek-antoniewicz-i-przyjaciele-24-godziny-ludzkosci">http://zpap.wroclaw.pl/mirek-antoniewicz-i-przyjaciele-24-godziny-ludzkosci</a></p>
<p>Facebook: <a href="https://www.facebook.com/events/610076792389637/">https://www.facebook.com/events/610076792389637/</a></p>
<p><span style="color: #000000;">See you there!</span></p>
<p>&nbsp;</p>
<p><span style="color: #000000;">ARTISTS &amp; POETS</span></p>
<p><img loading="lazy" decoding="async" class="alignleft" alt="SAMSUNG DIGITAL CAMERA" src="https://galeriam.com/wp-content/uploads/cache/2013/11/Mirek-A/2429170398.jpg" width="283" height="300" /></p>
<p><span style="color: #000000;">MIREK ANTONIEWICZ /1954/ &#8211; Born, studied, lives and works in Wrocław. Graduate of the University of Wrocław and member of the Association of Polish Artists and Designers. Had over 40 individual shows and numerous group exhibitions. Awarded on many occasions in varioius artistic competitions. Represented by Galeria M. For some time now Mirek Antoniewicz has been working on the cycle My place. 24 hrs of Mankind is continuation of this cycle.</span></p>
<p>&nbsp;</p>
<p>&nbsp;</p>
<p>&nbsp;</p>
<p>&nbsp;</p>
<p>&nbsp;</p>
<p>&nbsp;</p>
<p><img loading="lazy" decoding="async" class="alignleft" alt="taro aizu" src="https://galeriam.com/wp-content/uploads/cache/2013/11/taro-aizu/2556087376.jpg" width="300" height="225" /></p>
<p><span style="color: #000000;">TARO AIZU 会 津 太郎 /1954/ &#8211; Japanese writer and poet.  Born in Aizumisato in Fukushima Prefecture. His gogyohka book, titled „Itoshii chikyū yo (Lovely Earth)&#8221;, was published in 2005 in Japanese and in 2011 in English. Since 2007 he has been writing gogyohka in English language. In 2010 his three gogyohka tales about cats were selected for the &#8220;Catzilla!&#8221; book published in the United States. Awarded with first prize at the 28th Modern Haiku Competition in Japan.</span></p>
<p>&nbsp;</p>
<p>&nbsp;</p>
<p>&nbsp;</p>
<p>&nbsp;</p>
<p><img loading="lazy" decoding="async" class="alignleft" alt="dymitry a" src="https://galeriam.com/wp-content/uploads/cache/2013/11/dymitry-a/989832848.jpg" width="255" height="300" /></p>
<p><span style="color: #000000;">DMITRY BABENKO /1970/ &#8211; Graduate of the Faculty of Art of the Kuban State University. Lives and works in Krasnodar. His main area of interest is mail-art, visual poetry and book art. Dmitry creates a multi-page, variously illustrated volumes devoted to different fields of human activity: Ornithology, Herbarium, Money. Also, his visual books – concept books are interesting, for example the Audiobook stocked with medical stethoscope to listen to it.</span></p>
<p><span style="color: #000000;"> </span></p>
<p>&nbsp;</p>
<p>&nbsp;</p>
<p>&nbsp;</p>
<p>&nbsp;</p>
<p>&nbsp;</p>
<p><img loading="lazy" decoding="async" class="alignleft" alt="Robert Chastain" src="https://galeriam.com/wp-content/uploads/cache/2013/11/Robert-Chastain/1447366001.jpg" width="225" height="300" /></p>
<p><span style="color: #000000;">ROBERT CHASTAIN is primarily a poet in recent years, but has also worked with the forms of short story, novel, and creative non-fiction. During the last several years he has collaborated with musicians and sound designers to produce a number of recorded spoken-word pieces. He also works with photography, and some of his photos have been incorporated into these recordings. The prose poem, &#8220;BOATMAN,&#8221; is the final piece in a series of vignettes about the passengers, all women, encountered by a taxi driver in a twenty-four hour period, beginning in the early morning hours, progressing through the day and night, and ending in the deepest, darkest part of the soul. This story in turn became a chapter in the novel, &#8220;My Date with Marilyn.&#8221;</span></p>
<p>&nbsp;</p>
<p>&nbsp;</p>
<p>&nbsp;</p>
<p>&nbsp;</p>
<p><img loading="lazy" decoding="async" class="alignleft" alt="bart f" src="https://galeriam.com/wp-content/uploads/cache/2013/11/bart-f/2658054716.jpg" width="225" height="300" /></p>
<p><span style="color: #000000;">BARTOSZ FRĄCZEK /1974/ &#8211; Born, lives and works in Częstochowa. Painter and lecturer in the Faculty of Art at the Jan Długosz University in Częstochowa. Awarded on many occasions in varioius artistic competitions. Originator of the International Biennial of Miniature. Organizer of international artistic plein-airs and meetings. His works can be found in private collections in Poland and abroad.</span></p>
<p>&nbsp;</p>
<p>&nbsp;</p>
<p>&nbsp;</p>
<p>&nbsp;</p>
<p>&nbsp;</p>
<p>&nbsp;</p>
<p>&nbsp;</p>
<p><img loading="lazy" decoding="async" class="alignleft" alt="Keith Moran" src="https://galeriam.com/wp-content/uploads/cache/2013/11/Keith-Moran/798002421.jpg" width="300" height="238" /></p>
<p><span style="color: #000000;">KEITH MORANT /1955/ &#8211; Born in Christchurch, New Zealand. “I have drawn and painted obsessively for as long as I can remember and have always followed my own path of individual expression. I am not a representational or regional artist as it is my firm belief that visual art, like music, must communicate across all language and cultural barriers. Since the 1980s I have been fortunate enough to travel extensively and exhibit my work in many different countries. I am also fortunate in that I am able to work full time at my painting in my studio/home in Christchurch.”</span></p>
<p>&nbsp;</p>
<p>&nbsp;</p>
<p>&nbsp;</p>
<p>&nbsp;</p>
<p><img loading="lazy" decoding="async" class="alignleft" alt="rene pascal" src="https://galeriam.com/wp-content/uploads/cache/2013/11/rene-pascal/473182127.jpg" width="239" height="300" /></p>
<p><span style="color: #000000;">RENÉ PASCAL /1948/ &#8211; Born in Lyon, France. Mysterious artist, who rarely shows up in public and seldom exhibits his works. Patron of arts, he searches for artists, whose exhibitions he organises in Milan, in a place called Piscinacomunale Spaziodarteincopisteria. Adelaide de Martino wrote about him, that he &#8220;prefers to remain in the shadows, speak through his works, which unlike himself, are not invisible, they touch spectators’ emotions and arouse their curiosity. René’s works are constructed in a way that shows the play of light and shade &#8211; through the conceptual perspective, it is the shadow that becomes light and hence &#8211; the light takes over the role of the shadow.&#8221;</span></p>
<p>&nbsp;</p>
<p>&nbsp;</p>
<p>&nbsp;</p>
<p>&nbsp;</p>
<p>&nbsp;</p>
<p><img loading="lazy" decoding="async" class="alignleft" alt="edyta purzycka" src="https://galeriam.com/wp-content/uploads/cache/2013/11/edyta-purzycka/1109345142.jpg" width="300" height="300" /></p>
<p><span style="color: #000000;">EDYTA PURZYCKA /1970/ &#8211; Graduate of the Academy of Arts and Design in Wrocław. Graphic artist and painter. She has created her own, poetic art language, in which she relates the way she sees the world. In her works she incorporates various printing techniques (etching, aquatint, soft varnish), which allows her to experiment with texture and obtain painting effects.</span></p>
<p>&nbsp;</p>
<p>&nbsp;</p>
<p>&nbsp;</p>
<p>&nbsp;</p>
<p>&nbsp;</p>
<p>&nbsp;</p>
<p>&nbsp;</p>
<p><img loading="lazy" decoding="async" class="alignleft" alt="ros ubeda" src="https://galeriam.com/wp-content/uploads/cache/2013/11/ros-ubeda/1128035352.jpg" width="300" height="300" /></p>
<p><span style="color: #000000;">ROSA UBEDA /1958/ &#8211; Born in Pontevedra, Spain. Graduated from the Faculty of Art at the Vigo University. Laureate of numerous awards in painting competitions. Had over 20 individual shows and took part in many group exhibitions, biennials and art fairs.</span></p>
<p>&nbsp;</p>
<p><span style="color: #000000;"> </span></p>
<p><span style="color: #000000;"> </span></p>
